7. Let y be g(9). Let f be 4/(-5)*((-25)/y + 0). Calculate the remainder when (616/f - -2) + 3/(-5) is divided by 11.
8
Let t = 1715 - 1667. Calculate the remainder when 182 is divided by t.
38
Suppose 760 = -2600*u + 2619*u. What is the remainder when 247 is divided by u?
7
Let m be 1/(0 - (-5)/20). Suppose -5*k + 79 = v, -m*k + 61 = -0*k + 3*v. What is the remainder when 21 is divided by (k/(-7))/(34/(-119))?
5
Let p(k) = k**3 + 10*k**2 - 15*k - 23. Calculate the remainder when p(4) is divided by 84.
57
Let p(t) = 84*t - 84. Let k be p(4). Let g = 285 - k. What is the remainder when 163 is divided by g?
31
Suppose -4 = -o - 0. Suppose 4*y + o*q = 132, -3*y + 34 + 64 = 4*q. Let c = 55 - y. What is the remainder when 40 is divided by c?
19
Suppose 3*k - 45 = 24. Let z = -193 - -195. Calculate the remainder when k is divided by 142/16 - z/(-16).
5
Suppose -240*t + 3*f = -236*t - 59, -51 = -3*t + 3*f. What is the remainder when 4038 is divided by t?
6
Let u(q) = -13*q - 11. What is the remainder when 15/(-6)*((-252)/10)/3 is divided by u(-2)?
6
Let q(x) = -x - 22. Let k be q(-25). Suppose 4*w + w = k*b + 42, 3*b = 4*w - 33. Let r(c) = 4*c**2 - 5*c + 3. Calculate the remainder when r(3) is divided by w.
6
Let w = 39 + -36. Suppose w*a + a = -j + 206, -2*a = j - 104. Let l = 79 - a. Calculate the remainder when 81 is divided by l.
25
Suppose -54*y + 3*y + 2850 = 44*y. What is the remainder when 464 is divided by y?
14
Let j(i) = -11*i**3 - 3*i**2 - i. Let b be j(-1). Suppose b*g + 27 = 900. What is the remainder when g is divided by 21?
13
What is the remainder when (-2480)/(-60)*3/2 is divided by (4/(-2) - -33) + (-5 - -9)?
27
Let x be (2 - -67)*9/((-108)/8). Let b = 53 + x. What is the remainder when 30 is divided by b?
2
Let f(q) = -19*q + 81. Suppose 4*i = -v + i + 438, 2*v + 2*i = 864. Calculate the remainder when v is divided by f(2).
42
What is the remainder when 23*((7 - (-120)/4) + 2) is divided by 10?
7
Suppose -36*r + 28*r + 1464 = 0. Suppose -r*k - 371 = -190*k. Calculate the remainder when 101 is divided by k.
48
Let b(s) = -2*s**2 + 14*s - 11. Let k be b(6). Let f(d) = 7*d + k - 5*d - 7*d. What is the remainder when 82 is divided by f(-4)?
19
Suppose 2*x - 6 = 0, -72 + 510 = -4*m + 2*x. Calculate the remainder when 195 is divided by (-15)/(-12) - 1809/m.
15
Let c be 1643/7 + (16/(-7))/(-8). Suppose c = 5*k - 200. What is the remainder when 170 is divided by k?
83
Let m(i) = i + 7. Let t(a) = -2*a**2 + 8*a - 8. Let y be t(4). Let k be m(y). Calculate the remainder when (2 - 1)/(k/(-27)) is divided by 5.
2
Suppose 0 = 5*t + 28 - 113. Suppose -u - 27 = -5. Let y = 25 + u. What is the remainder when t is divided by y?
2
Let g(q) = q**3 + 18*q**2 - 11*q + 159. What is the remainder when 2848 is divided by g(-19)?
6
What is the remainder when 4938 is divided by ((-12)/20*5)/(1128/380 + -3)?
93
Suppose -3*h - 2*h = -5*y + 160, h + y = -38. Let q = -14 - h. Let v(l) = 22*l**2 - 4*l + 3. Calculate the remainder when v(2) is divided by q.
20
Suppose -560 = -18*d + 2*d. What is the remainder when 2869 is divided by d?
34
Suppose 3*z - 4289 = -4*y + 9*y, 2854 = 2*z - 4*y. Calculate the remainder when z is divided by 146.
129
Let w = 62 - 68. Let z be (498/8)/(w/(-16)*1). Suppose -6*t = -z - 134. What is the remainder when t is divided by 15?
5
Let d(l) = -18*l - 35. Let j(w) = -72*w - 141. Let a(y) = -15*d(y) + 4*j(y). Calculate the remainder when a(-6) is divided by 37.
32
Suppose -5*w = -4*b - 136, 0 = 5*w - 9*w - 2*b + 88. Calculate the remainder when 303 is divided by w.
15
What is the remainder when (-6)/12 + (-215)/(-2) is divided by ((-111)/6)/(-2*(-10)/(-40))?
33
Suppose 0 = 50*w - 47*w + 3. Calculate the remainder when (6 - w)*(-2024)/(-308) is divided by 27.
19
Let l(v) = -4715*v - 4683. Calculate the remainder when -2 + 0 - (-177 - 8) is divided by l(-1).
23
Let z(g) = 218*g**2 - 4*g. Let n(q) = -q**2 + 18*q - 46. Let h be n(15). What is the remainder when z(h) is divided by 16?
14
Suppose -23 = 30*j - 32*j + 5*f, 5*j = -5*f + 145. What is the remainder when 519 is divided by j?
15
Let x be (-1 - 2)*(-84)/24*74. Suppose -11*k = -994 - x. What is the remainder when k is divided by 41?
38
Suppose -2*h - 6 = 3*k, 12*k = -5*h + 11*k - 15. What is the remainder when (-805)/h + 12/(-36) is divided by 34?
30
Let r be (-8)/(-6)*(-16 + -2). Let b = 30 + r. What is the remainder when 12 is divided by b?
0
Let z = 2355 - 1809. Calculate the remainder when z is divided by 179.
9
Calculate the remainder when (-51)/12*(-70 + -2 + 0/3) is divided by 306.
0
Let b be (-280)/6*144/60. Let a = 116 + b. Suppose 0 = -4*c - 4, d + 4*c = -a*d + 931. What is the remainder when d is divided by 19?
16
Let y be 0 + 2286/12 + (-6)/4. Suppose -6 = 2*c - n + y, -3*c + 2*n - 290 = 0. Calculate the remainder when 39 is divided by 4*(c/8)/(-5).
9
Let s = 29441 + -21210. Calculate the remainder when s is divided by 71.
66
Let l = -39 + -12. Let t be (-2)/3 + 2465/l. Let x = 50 + t. Calculate the remainder when 2 is divided by x.
0
Suppose 2*p - 106 = p - 4*k, -2*k = -6. Suppose 2*s + 16 = p. Suppose -t = -3*z + 41, -3*z - 4*t - 8 = -s. What is the remainder when 49 is divided by z?
10
Let r(f) = -f**3 + 12*f**2 - 2*f + 11. Let y be r(12). Let i be y*((-6)/2 + -2). What is the remainder when ((-21)/(-5))/(13/i) + 2 is divided by 8?
7
Suppose 39203 + 8634 = 194*i - 10945. Let l = -2 - -46. Calculate the remainder when i is divided by l.
39
Let s(f) = -f**2 + 62*f + 1844. Calculate the remainder when 1310 is divided by s(83).
98
Suppose -33*k + 43*k = 200. Suppose 0*w + 4*w + n = 175, k = -4*n. Let u = -26 + 53. What is the remainder when w is divided by u?
18
Suppose 35 - 117 - 138 = -22*c. Suppose 4*f + 4*q = 120, -f + 2*f - 36 = -4*q. Calculate the remainder when f is divided by c.
8
Let o(m) = -30*m**2 - 47*m**2 - 33*m**2 - 23*m**2 - 32*m - m**3 + 167*m**2 + 2. Calculate the remainder when 171 is divided by o(33).
31
Suppose 2*m - 218 = 5*h, 0 = 4*m + 31*h - 33*h - 484. What is the remainder when 275 is divided by m?
27
Let u be -1 + (-6)/(-5) - 9/45. Let h(l) = -l**2 + 11*l + 41. Calculate the remainder when h(u) is divided by 14.
13
Let z be (35/(-10))/(3/(-558)). Let t = z + -487. Calculate the remainder when t is divided by 55.
54
Suppose -7*o + 3*m - 250 = -12*o, 3*m + 227 = 4*o. What is the remainder when o is divided by 20?
13
Let t = 5 + -4. Let x(k) = -14*k + 2. Let i(p) = -34*p + 5. Let u(r) = 3*i(r) - 8*x(r). Calculate the remainder when u(t) is divided by 5.
4
Let s(g) = g**2 + 20*g + 60. Let c be s(-16). Calculate the remainder when 54 is divided by (-69)/c - 1*(-15)/20.
0
Suppose -16*b - 548 = -100. Calculate the remainder when (-23200)/b - (320/(-56))/(-10) is divided by 64.
60
Suppose -11*u + 88 = -55. Suppose u*p + 169 - 702 = 0. Calculate the remainder when 204 is divided by p.
40
Let i be ((-3)/(-2))/(2/(-4)). What is the remainder when 41 is divided by 184/24*3/(i/(-3))?
18
Suppose 5*j = 446 + 644. Let x = -3834 + 3851. What is the remainder when j is divided by x?
14
Let o(d) = -11*d - 4. Let f = -168 + 166. What is the remainder when 70 + (2 - 2/1) is divided by o(f)?
16
Let y be (-2)/9 - 87*3/(-81). Suppose -212 = -4*q + y*t + 64, 0 = t. What is the remainder when q is divided by (-32)/(-3) + (-2)/3?
9
Let z be -1*(5/(-4))/5*-12. Calculate the remainder when 26 is divided by (-1)/((-4)/8)*(-2 - z).
0
Let i(f) = 39*f**2 + 538*f + 14. What is the remainder when i(-16) is divided by 336?
46
Suppose 0*f = 4*f + 5*n - 125, 2*n + 90 = 4*f. Suppose -14*k + f = -9*k. Let l = -11 - -29. What is the remainder when l is divided by k?
3
Let f(v) = 2*v**2 + 50*v - 1384. Suppose 0 = x + 3 - 22. Calculate the remainder when f(-43) is divided by x.
12
Let i(n) = -n**3 + 4*n**2 + 3*n. Suppose 2*z + 400 = -2*m - 338, 0 = 5*z - 3*m + 1877. Let h = 420 + z. Calculate the remainder when h is divided by i(4).
11
Suppose 5*s - 295 = -5*w, 5*s + 232 = 4*w + 7*s. Suppose 20*g + 1739 = w*g. What is the remainder when g is divided by 13?
8
Suppose m + 27 = s - 3*m, 0 = 5*m + 5. Suppose 83*b - 288 = 65*b. Calculate the remainder when s is divided by b.
7
Let q(x) = -x**2 - x + 91. Let s be q(0). Let r be (-765)/20 - (-35)/(-20). Let b = s + r. What is the remainder w